 462 = 54*i. Suppose -456 = -26*x - i. What is the remainder when 51 is divided by x?
6
What is the remainder when (5 + -6)*28*(9548/(-16))/11 is divided by 39?
37
Let p be (-69)/(-24) + 1/8. Calculate the remainder when 34 is divided by p/(-2)*380/(-114).
4
Let w = -655 - -674. Suppose 236 = w*j - 11. What is the remainder when 22 is divided by j?
9
Suppose -8*i + 55*i = 0. Suppose -v + 88 = 2*t, i = -16*t + 13*t - 2*v + 133. What is the remainder when 113 is divided by t?
27
Suppose n - 3*j - 13 = 0, -4*j = -5*n + 13 + 19. Suppose -n*y + 5*y - 42 = -4*v, -84 = -2*y + 5*v. What is the remainder when 248 is divided by y?
38
Suppose -3*c + 734 = 5*v, 21*c - 19*c = -3*v + 491. Calculate the remainder when 5059 is divided by c.
252
Let v = -8015 + 8113. Calculate the remainder when 2447 is divided by v.
95
Calculate the remainder when ((-255)/(-153) - (-3380)/(-84))*84/(-9) is divided by 57.
18
Suppose 15*o - 2*o - 1690 = 0. Calculate the remainder when 44 is divided by (-1)/(-1*(25/o)/5).
18
Let k be 8 + 0 + (0 - 3) + -3. Suppose 3*p + k*p - 340 = 0. Let c = 84 - p. Calculate the remainder when c is divided by 6.
4
Let q = -49 + 305. Suppose -5*n + n + q = 0. What is the remainder when n is divided by 13?
12
Let w(s) = s**2 + 8*s - 334. What is the remainder when 1449 is divided by w(-23)?
8
Let k = 1822 - 1793. What is the remainder when 306 is divided by k?
16
Let n(b) = 345*b + 1808. Calculate the remainder when 192 is divided by n(-5).
26
Let f(g) be the second derivative of -7*g**3/2 + 3*g**2/2 - 2*g. Let x = -5337 + 5360. What is the remainder when f(-3) is divided by x?
20
Let u(n) = -n**3 + 16*n**2 + 7*n - 309. Calculate the remainder when 117 is divided by u(15).
12
Let a(y) = 148*y**3 + y**2 - 2*y + 2. Let z(q) = q**2 - 7 + 4*q**2 - 6*q**2 + 4*q + 2*q**2. Calculate the remainder when a(1) is divided by z(5).
35
What is the remainder when (10/(-15))/(-1) + (-3 - (-463)/3) is divided by 100?
52
Let o = 2751 + -2741. Calculate the remainder when 568 is divided by o.
8
Let w = 92 - 86. Suppose w*o - 19 - 5 = 0. What is the remainder when 75 is divided by o?
3
Suppose -28*v + 26*v = -20. Suppose v*g - 42 = 9*g. What is the remainder when 165 is divided by g?
39
Suppose 205*t - 580*t = -17250. Let x(q) = -6*q**2 - 3 - 7*q - 2 + 11*q**2. Calculate the remainder when x(6) is divided by t.
41
Let s be 31 - -5 - 2*-2. Suppose 2*t + 3*t = s. Suppose 18 = 9*z - t*z. What is the remainder when 105 is divided by z?
15
Suppose -5*d - 3*y = -74, -6*d + 2*y = -d - 84. Let u = 83 + -67. Let s(m) = m**2 - 15*m + 14. Calculate the remainder when s(u) is divided by d.
14
Let b = -7 - -15. Suppose -9*j = -b*j - 150. Calculate the remainder when 23 is divided by (-4)/(-14) - (j/(-14) - 2).
10
Suppose -17*y = -15*y + 56. Let f = -18 - y. Suppose 0 = 2*j - 12*j + 350. What is the remainder when j is divided by f?
5
Let d be ((-7)/28)/(2/12)*-2. What is the remainder when (-1)/(2/(-340)*2) is divided by (4 - (5 - d)) + 27?
27
Let z = 28 + -17. Suppose z - 9 = f. Calculate the remainder when 110 is divided by f.
0
Calculate the remainder when 748 is divided by 3*(-10)/(-75)*4340/14.
4
Let n = 6 - -8. Let y(r) = -r**2 + 11*r + 42. Let t be y(n). Suppose t = -v - i + 16, -v + 2*i = -4*v + 51. What is the remainder when 54 is divided by v?
16
Let t = 189 + -79. Let h be (-4)/(-14) - 5*t/14. Let n = 89 + h. What is the remainder when n is divided by 13?
11
Let n = -258 + 457. Let s = 124506 - 124501. Calculate the remainder when n is divided by s.
4
Suppose p - 34 = -0*s + 3*s, 5*p - s = 212. Let i(r) = -2*r**2 + r - 335. Let c be i(0). What is the remainder when (-1 - c/(-3))*(-3)/2 is divided by p?
40
Let n(u) = u**2 + 6*u - 9. Suppose 141 = 2*h + 3. Let x = -58 + h. Calculate the remainder when n(-10) is divided by x.
9
Let g = -1439 + 1720. Calculate the remainder when g is divided by 41.
35
Let q(r) = 6793*r + 74881. What is the remainder when q(-11) is divided by 1/(2/4) - -32?
22
Suppose 5 = r - 4*z - 4, 0 = -2*r - 2*z + 8. Suppose 8 = -2*c + 4*p, 4 = 2*c + 2*p - 0. What is the remainder when r is divided by (-15)/(-5) + (2 - c)?
0
Let t(p) = -4*p - 13. Let h be t(-12). Suppose 0 = -f - h + 68. What is the remainder when 127 is divided by f?
28
Let x = 174 + -151. Suppose 10*s - x*s + 377 = 0. Calculate the remainder when 166 is divided by s.
21
Let o(c) = 33*c + 2844. Calculate the remainder when o(9) is divided by 23.
13
Suppose g + 24*g = 5*g + 14620. What is the remainder when g is divided by 3?
2
Let g = -4997 + 5247. What is the remainder when g is divided by 38?
22
Let a = -26324 - -26435. Calculate the remainder when a is divided by 28.
27
Suppose -i - 12 = 32. Let s = i + 64. Let m(c) = -c**3 + 21*c**2 + 17*c + 149. What is the remainder when m(22) is divided by s?
19
Let m be 26 + (5 - 27/3). Suppose m*o = 18*o + 276. What is the remainder when o is divided by 4?
1
Let f = 137 - 78. Let s = f - 34. Suppose -3*r - 757 = 2*t - 7*t, 0 = -3*r - 12. What is the remainder when t is divided by s?
24
Suppose -12941 = -66*r + 35437. Calculate the remainder when 739 is divided by r.
6
Let v(n) = -4*n**2 + 199*n - 73. Calculate the remainder when 7397 is divided by v(49).
71
Let n(q) = -11*q**3 - 7*q**2 + 5*q - 3. Let p be n(1). What is the remainder when 119 is divided by 675/20 + (2 - (-12)/p)?
14
Let c = -96 - -82. Calculate the remainder when (-17 - c) + 0 + 40 is divided by (-138)/(-12) - 3/2.
7
Let p be ((-756)/(1 + -7))/(-1). Let b = -91 - p. Calculate the remainder when b is divided by 13.
9
Let p(v) = -v**3 - 33*v**2 - 36*v - 90. Let g be p(-32). Suppose g*o = 34*o - 3*i + 1323, 1326 = 4*o + 2*i. Calculate the remainder when o is divided by 21.
18
Suppose 30*v = 25*v + 20. Suppose t - 4*n + 4 = -0*t, 3*t - 4*n = v. Let j(f) = 2*f**3 - 5*f**2 - f - 5. Calculate the remainder when j(t) is divided by 14.
11
Let x(o) = -20*o**3 - 2*o**2 + 2*o + 2. Calculate the remainder when (-190)/(2/(-12) + (-5)/10) is divided by x(-1).
15
Let f(n) = n**2 + 21*n + 150. Calculate the remainder when 213 is divided by f(-14).
5
Suppose 5*b + 5 = 0, -2*b - 61 = -2*z - 5*b. Calculate the remainder when 1462 is divided by z.
22
Suppose 0 = -3*w + 5 - 2, 1252 = 3*f + 4*w. Calculate the remainder when f is divided by 141.
134
What is the remainder when ((1 - 39)/(-18 - -19))/(1/(-72)) is divided by 137?
133
What is the remainder when ((-5)/(-20))/(19/11248) is divided by 19?
15
Let k(l) = -75*l - 121. Let z be k(-1). Let x(j) = -j**2 + 3*j - 1. Let g be x(-5). Let r = g - z. Calculate the remainder when 7 is divided by r.
2
Suppose 4*c = 8 + 32. Calculate the remainder when (52/12 - 3)/(4/54) is divided by (-5)/c + (-22)/(-4).
3
Let y = 199 + 157. Let r = -182 + y. Let x(d) = d**3 + 21*d**2 - 27*d - 94. What is the remainder when r is divided by x(-22)?
14
Suppose 2*t = 3 + 7, 2*s = 5*t - 15. Suppose s = -3*c + 14. Suppose -5*n + 6*n + 42 = 5*u, -2*u + 27 = c*n. Calculate the remainder when 15 is divided by u.
6
Let f(j) = -11 + 32*j + 53 - 38*j. Let k be f(0). Suppose k*z - 21 = 39*z. Calculate the remainder when 9 is divided by z.
2
Let l(k) = -2*k - 31. Let t(s) = 10*s**3 - 2*s - 1. Let v be t(-1). Let r = -26 - v. Calculate the remainder when 7 is divided by l(r).
1
Suppose x - n + 4*n - 189 = 0, 4*n - 12 = 0. Let c = x - 166. Calculate the remainder when c is divided by 13.
1
Suppose g = -3*i + 33, i + 5*g + 6 = 31. What is the remainder when (0 + 874/(-3))/(0 + 4/(-6)) is divided by i?
7
Let c(t) be the first derivative of -5*t**2/2 - 10*t + 639. Suppose 4*d + 3*x = -20, -4*x = -d + x - 28. Calculate the remainder when c(d) is divided by 16.
14
Let b = -18225 + 18640. Calculate the remainder when b is divided by 104.
103
Suppose 38 = -46*r + 65*r. Calculate the remainder when 18 is divided by r.
0
Calculate the remainder when 717 is divided by (2/(-16) - (-67)/24)*1716/13.
13
Suppose -2*g + 28 = 3*z - 6, -2*g = -5*z - 18. What is the remainder when 95 is divided by 516/16 + (g/(-8))/7?
31
Let l = -49 - -34. Let y(j) = j**2 + 15*j + 13. What is the remainder when 10 + -9 - (-300)/3 is divided by y(l)?
10
Let y = -257 - -383. Suppose 5*f = 2*z + z + 122, -4*z - y = -5*f. What is the remainder when 96 is divided by f?
8
Suppose -h - 3*n = 10, -4*h + 10*n + 35 = 7*n. Su